{"id":3,"date":"2023-05-04T08:53:09","date_gmt":"2023-05-04T08:53:09","guid":{"rendered":"http:\/\/zamowienia.kompozycja.dev\/?page_id=3"},"modified":"2023-05-22T08:00:16","modified_gmt":"2023-05-22T08:00:16","slug":"polityka-prywatnosci","status":"publish","type":"page","link":"https:\/\/zamow.cateringpiatek.pl\/index.php\/polityka-prywatnosci\/","title":{"rendered":"Polityka prywatno\u015bci"},"content":{"rendered":"<p>[et_pb_section fb_built=&#8221;1&#8243; _builder_version=&#8221;4.16&#8243; global_colors_info=&#8221;{}&#8221;][et_pb_row _builder_version=&#8221;4.16&#8243; background_size=&#8221;initial&#8221; background_position=&#8221;top_left&#8221; background_repeat=&#8221;repeat&#8221; global_colors_info=&#8221;{}&#8221;][et_pb_column type=&#8221;4_4&#8243; _builder_version=&#8221;4.16&#8243; custom_padding=&#8221;|||&#8221; global_colors_info=&#8221;{}&#8221; custom_padding__hover=&#8221;|||&#8221;][et_pb_text ul_type=&#8221;none&#8221; _builder_version=&#8221;4.20.4&#8243; ul_text_align=&#8221;center&#8221; background_size=&#8221;initial&#8221; background_position=&#8221;top_left&#8221; background_repeat=&#8221;repeat&#8221; hover_enabled=&#8221;0&#8243; global_colors_info=&#8221;{}&#8221; sticky_enabled=&#8221;0&#8243;]<\/p>\n<p><strong><!-- divi:heading --><\/strong><\/p>\n<p style=\"text-align: center;\"><b>Polityka prywatno\u015bci\u00a0<\/b><\/p>\n<ul>\n<li><b>1[POSTANOWIENIA OG\u00d3LNE]\u00a0<\/b><\/li>\n<\/ul>\n<ol>\n<li><span style=\"font-weight: 400;\"> Niniejszy dokument okre\u015bla Polityk\u0119 Prywatno\u015bci sklepu zamow.cateringpiatek.pl, kt\u00f3ra w szczeg\u00f3lno\u015bci obejmuje regulacje dotycz\u0105ce ochrony danych osobowych oraz bezpiecze\u0144stwa innych danych wprowadzonych do Serwisu przez U\u017cytkownika.\u00a0<\/span><\/li>\n<li><span style=\"font-weight: 400;\"> Polityka Prywatno\u015bci stanowi integralny za\u0142\u0105cznik do Regulaminu.\u00a0<\/span><\/li>\n<\/ol>\n<ul>\n<li><b>2[DEFINICJE]\u00a0<\/b><\/li>\n<\/ul>\n<p><span style=\"font-weight: 400;\">Terminy u\u017cyte w niniejszym dokumencie oznaczaj\u0105:\u00a0<\/span><\/p>\n<ol>\n<li><span style=\"font-weight: 400;\"> <\/span><b>Administrator <\/b><span style=\"font-weight: 400;\">&#8211; Gastroserwis Arkadiusz Pi\u0105tek Sabina Pi\u0105tek, ul. Grunwaldzka 2\/28, 63-100 \u015arem, NIP: 7851674334,\u00a0<\/span><\/li>\n<li><span style=\"font-weight: 400;\"> <\/span><b>Serwis <\/b><span style=\"font-weight: 400;\">&#8211; strona internetowa pod adresem https:\/\/zamow.cateringpiatek.pl\/ oraz wszelkie jej podstrony,\u00a0<\/span><\/li>\n<li><span style=\"font-weight: 400;\"> <\/span><b>Strony <\/b><span style=\"font-weight: 400;\">&#8211; Administrator i U\u017cytkownik,\u00a0<\/span><\/li>\n<li><span style=\"font-weight: 400;\"> <\/span><b>U\u017cytkownik <\/b><span style=\"font-weight: 400;\">&#8211; osoba fizyczna, kt\u00f3ra korzysta z Serwisu i podaje w jego ramach swoje dane osobowe.\u00a0<\/span><\/li>\n<\/ol>\n<ul>\n<li><b>3[OCHRONA DANYCH OSOBOWYCH]\u00a0<\/b><\/li>\n<\/ul>\n<ol>\n<li><span style=\"font-weight: 400;\"> Administrator jest Administratorem danych osobowych w rozumieniu rozporz\u0105dzenia o ochronie danych osobowych z dnia 27 kwietnia 2016 r. (RODO).\u00a0<\/span><\/li>\n<li><span style=\"font-weight: 400;\"> Administrator przetwarza dane w zakresie, czasie i celach ka\u017cdorazowo wskazanych w tre\u015bciach udost\u0119pnionych pod formularzami s\u0142u\u017c\u0105cymi do zbierania danych osobowych od U\u017cytkownika.\u00a0<\/span><\/li>\n<li><span style=\"font-weight: 400;\"> Dane osobowe b\u0119d\u0105 przekazywane wy\u0142\u0105cznie zaufanym podwykonawcom Administratora, tj. dostawcom us\u0142ug informatycznych, firmie ksi\u0119gowej, administracji.<\/span><\/li>\n<\/ol>\n<h2 class=\"wp-block-heading\"><\/h2>\n<ul>\n<li><b>4[UPRAWNIENIA U\u017bYTKOWNIKA]\u00a0<\/b><\/li>\n<\/ul>\n<ol>\n<li><span style=\"font-weight: 400;\"> W przypadku zmiany danych osobowych, U\u017cytkownik powinien uaktualni\u0107 je wysy\u0142aj\u0105c stosown\u0105 wiadomo\u015b\u0107 do Administratora.\u00a0<\/span><\/li>\n<li><span style=\"font-weight: 400;\"> U\u017cytkownikowi przys\u0142uguje prawo \u017c\u0105dania dost\u0119pu do tre\u015bci swoich danych osobowych, ich sprostowania, usuni\u0119cia oraz prawo do ograniczenia ich przetwarzania. Ponadto tak\u017ce prawo do cofni\u0119cia zgody w dowolnym momencie bez wp\u0142ywu na zgodno\u015b\u0107 z prawem przetwarzania, prawo do przenoszenia danych oraz prawo do wniesienia sprzeciwu wobec przetwarzania danych osobowych.\u00a0<\/span><\/li>\n<li><span style=\"font-weight: 400;\"> U\u017cytkownikowi przys\u0142uguje prawo wniesienia skargi do Prezesa Urz\u0119du Ochrony Danych Osobowych.\u00a0<\/span><\/li>\n<li><span style=\"font-weight: 400;\"> Podanie danych osobowych jest dobrowolne, jednak\u017ce brak wyra\u017cenia zgody na przetwarzanie danych uniemo\u017cliwia korzystanie z Serwisu.\u00a0<\/span><\/li>\n<li><span style=\"font-weight: 400;\"> Administrator mo\u017ce odm\u00f3wi\u0107 usuni\u0119cia danych osobowych U\u017cytkownika, je\u017celi zachowanie danych osobowych jest konieczne ze wzgl\u0119du na obowi\u0105zek na\u0142o\u017cony na Administratora przez przepisy prawa.\u00a0<\/span><\/li>\n<\/ol>\n<ul>\n<li><b>5[TECHNICZNA OCHRONA DANYCH]\u00a0<\/b><\/li>\n<\/ul>\n<ol>\n<li><span style=\"font-weight: 400;\"> Administrator wykorzystuje wszelkie techniczne i organizacyjne sposoby, by zapewni\u0107 bezpiecze\u0144stwo danym osobowym U\u017cytkownika i chroni\u0107 je przed przypadkowym lub celowym zniszczeniem, przypadkow\u0105 utrat\u0105, modyfikacj\u0105, nieautoryzowanym ujawnieniem lub dost\u0119pem. Informacje s\u0105 przechowywane i przetwarzane na serwerach o wysokim stopniu zabezpiecze\u0144, z zachowaniem odpowiednich \u015brodk\u00f3w bezpiecze\u0144stwa, spe\u0142niaj\u0105cych wymogi polskiego prawa.\u00a0<\/span><\/li>\n<li><span style=\"font-weight: 400;\"> Administrator zobowi\u0105zuje si\u0119 do przechowywania kopii bezpiecze\u0144stwa zawieraj\u0105cych dane osobowe U\u017cytkownika.\u00a0<\/span><\/li>\n<li><span style=\"font-weight: 400;\"> Powierzone dane s\u0105 sk\u0142adowane na najwy\u017cszej klasy sprz\u0119cie i serwerach w odpowiednio zabezpieczonych centrach przechowywania informacji, do kt\u00f3rych dost\u0119p maj\u0105 tylko upowa\u017cnione osoby.\u00a0<\/span><\/li>\n<li><span style=\"font-weight: 400;\"> Administrator przeprowadza czynno\u015bci zwi\u0105zane z przetwarzaniem danych osobowych z poszanowaniem wszystkich wymog\u00f3w prawnych i technicznych na\u0142o\u017conych na niego przez przepisy dotycz\u0105ce ochrony danych osobowych.<\/span><\/li>\n<\/ol>\n<ul>\n<li><b>6[POLITYKA COOKIES]\u00a0<\/b><\/li>\n<\/ul>\n<ol>\n<li><span style=\"font-weight: 400;\"> Dla wygody U\u017cytkownik\u00f3w Serwis u\u017cywa plik\u00f3w cookies m.in. w celu dostosowania serwisu do potrzeb u\u017cytkownik\u00f3w oraz w celach statystycznych. Cookies to niewielkie pliki tekstowe wysy\u0142ane przez serwis internetowy, kt\u00f3ry odwiedza internauta, do urz\u0105dzenia internauty.\u00a0<\/span><\/li>\n<li><span style=\"font-weight: 400;\"> W ramach Serwisu stosowane s\u0105 dwa typy plik\u00f3w cookies: &#8222;sesyjne (session cookies) oraz &#8222;sta\u0142e&#8221; (persistent cookies). Cookies &#8222;sesyjne&#8221; s\u0105 plikami tymczasowymi, kt\u00f3re przechowywane s\u0105 w urz\u0105dzeniu ko\u0144cowym U\u017cytkownika do czasu wylogowania, opuszczenia strony internetowej lub wy\u0142\u0105czenia oprogramowania (przegl\u0105darki internetowej). Sta\u0142e&#8221; pliki cookies przechowywane s\u0105 w urz\u0105dzeniu ko\u0144cowym U\u017cytkownika przez czas okre\u015blony w parametrach plik\u00f3w cookies lub do czasu ich usuni\u0119cia przez U\u017cytkownika.\u00a0<\/span><\/li>\n<li><span style=\"font-weight: 400;\"> W Serwisie wykorzystujemy nast\u0119puj\u0105ce rodzaje plik\u00f3w Cookies:\u00a0<\/span><\/li>\n<li><span style=\"font-weight: 400;\"> <\/span><b>&#8222;niezb\u0119dne&#8221; <\/b><span style=\"font-weight: 400;\">&#8211; umo\u017cliwiaj\u0105 korzystanie z us\u0142ug dost\u0119pnych w ramach Serwisu, np. wykorzystywane przy obs\u0142udze autoryzacji u\u017cytkownik\u00f3w,\u00a0<\/span><\/li>\n<li><span style=\"font-weight: 400;\"> <\/span><b>&#8222;zabezpieczaj\u0105ce&#8221; <\/b><span style=\"font-weight: 400;\">&#8211; s\u0142u\u017c\u0105 do zapewnienia bezpiecze\u0144stwa, np. wykorzystywane do wykrywania nadu\u017cy\u0107 w zakresie korzystania z us\u0142ug Serwisu,\u00a0<\/span><\/li>\n<li><span style=\"font-weight: 400;\"> <\/span><b>&#8222;wydajno\u015bciowe&#8221; <\/b><span style=\"font-weight: 400;\">&#8211; umo\u017cliwiaj\u0105 zbieranie informacji o sposobie korzystania z Serwisu,\u00a0<\/span><\/li>\n<li><span style=\"font-weight: 400;\"> <\/span><b>&#8222;funkcjonalne&#8221; <\/b><span style=\"font-weight: 400;\">&#8211; umo\u017cliwiaj\u0105 zapami\u0119tanie wybranych przez U\u017cytkownika ustawie\u0144 i personalizacj\u0119 interfejsu U\u017cytkownika, np. w zakresie wybranego j\u0119zyka lub regionu, z kt\u00f3rego pochodzi U\u017cytkownik, rozmiaru czcionki, wygl\u0105du Serwisu itp.\u00a0<\/span><\/li>\n<\/ol>\n<ul>\n<li><b>7[LOGI]\u00a0<\/b><\/li>\n<\/ul>\n<ol>\n<li><span style=\"font-weight: 400;\"> Zgodnie z praktyk\u0105 wi\u0119kszo\u015bci serwis\u00f3w www przechowujemy zapytania HTTP kierowane do naszego serwera (logi serwera). W zwi\u0105zku z powy\u017cszym przechowujemy:\u00a0<\/span><\/li>\n<li><span style=\"font-weight: 400;\"> adresy IP, z kt\u00f3rych u\u017cytkownicy przegl\u0105daj\u0105 tre\u015bci informacyjne naszego serwisu; b. czas nadej\u015bcia zapytania,\u00a0<\/span><\/li>\n<li><span style=\"font-weight: 400;\"> czas wys\u0142ania odpowiedzi,\u00a0<\/span><\/li>\n<li><span style=\"font-weight: 400;\"> nazw\u0119 stacji klienta &#8211; identyfikacja realizowana przez protok\u00f3\u0142 HTTP,<\/span><\/li>\n<li><span style=\"font-weight: 400;\"> informacje o b\u0142\u0119dach jakie nast\u0105pi\u0142y przy realizacji transakcji HTTP,\u00a0<\/span><\/li>\n<li><span style=\"font-weight: 400;\"> adres URL strony poprzednio odwiedzanej przez u\u017cytkownika (referer link), g. informacje o przegl\u0105darce u\u017cytkownika.\u00a0<\/span><\/li>\n<li><span style=\"font-weight: 400;\"> Dane gromadzone w dziennikach log\u00f3w, dane s\u0105 wykorzystywane tylko i wy\u0142\u0105cznie do cel\u00f3w administrowania Serwisem.\u00a0<\/span><\/li>\n<li><span style=\"font-weight: 400;\"> Zebrane logi przechowywane s\u0105 przez czas nieokre\u015blony jako materia\u0142 pomocniczy s\u0142u\u017c\u0105cy do administrowania Serwisem. Informacje w nich zawarte nie s\u0105 ujawniane nikomu poza osobami upowa\u017cnionymi do administrowania Serwisem. Na podstawie plik\u00f3w log\u00f3w mog\u0105 by\u0107 generowane statystyki stanowi\u0105ce pomoc w administrowaniu. Zbiorcze podsumowania w postaci takich statystyk nie zawieraj\u0105 \u017cadnych cech identyfikuj\u0105cych osoby odwiedzaj\u0105ce serwis.\u00a0<\/span><\/li>\n<\/ol>\n<ul>\n<li><b>8[KONTAKT]\u00a0<\/b><\/li>\n<\/ul>\n<ol>\n<li><span style=\"font-weight: 400;\"> U\u017cytkownik mo\u017ce w dowolnym czasie skontaktowa\u0107 si\u0119 z Administratorem w celu uzyskania informacji o tym, czy i w jaki spos\u00f3b Administrator wykorzystuje jego dane osobowe.\u00a0<\/span><\/li>\n<li><span style=\"font-weight: 400;\"> U\u017cytkownik mo\u017ce r\u00f3wnie\u017c zwr\u00f3ci\u0107 si\u0119 do Administratora z pro\u015bb\u0105 o usuni\u0119cie jego danych osobowych w ca\u0142o\u015bci lub w okre\u015blonej cz\u0119\u015bci.\u00a0<\/span><\/li>\n<li><span style=\"font-weight: 400;\"> Z Administratorem mo\u017cna skontaktowa\u0107 si\u0119 wysy\u0142aj\u0105c wiadomo\u015b\u0107 na adres e-mail: biuro@cateringpiatek.pl.<\/span><\/li>\n<\/ol>\n<p><strong><!-- \/divi:paragraph --><\/strong><\/p>\n<p>[\/et_pb_text][\/et_pb_column][\/et_pb_row][\/et_pb_section]<\/p>\n","protected":false},"excerpt":{"rendered":"<p>Polityka prywatno\u015bci\u00a0 1[POSTANOWIENIA OG\u00d3LNE]\u00a0 Niniejszy dokument okre\u015bla Polityk\u0119 Prywatno\u015bci sklepu zamow.cateringpiatek.pl, kt\u00f3ra w szczeg\u00f3lno\u015bci obejmuje regulacje dotycz\u0105ce ochrony danych osobowych oraz bezpiecze\u0144stwa innych danych wprowadzonych do Serwisu przez U\u017cytkownika.\u00a0 Polityka Prywatno\u015bci stanowi integralny za\u0142\u0105cznik do Regulaminu.\u00a0 2[DEFINICJE]\u00a0 Terminy u\u017cyte w niniejszym dokumencie oznaczaj\u0105:\u00a0 Administrator &#8211; Gastroserwis Arkadiusz Pi\u0105tek Sabina Pi\u0105tek, ul. Grunwaldzka 2\/28, 63-100 \u015arem, [&hellip;]<\/p>\n","protected":false},"author":1,"featured_media":0,"parent":0,"menu_order":0,"comment_status":"closed","ping_status":"open","template":"","meta":{"_et_pb_use_builder":"on","_et_pb_old_content":"<!-- wp:heading -->\n<h2 class=\"wp-block-heading\">Who we are<\/h2>\n<!-- \/wp:heading -->\n\n<!-- wp:paragraph -->\n<p><strong class=\"privacy-policy-tutorial\">Suggested text: <\/strong>Our website address is: https:\/\/zamow.cateringpiatek.pl.<\/p>\n<!-- \/wp:paragraph -->\n\n<!-- wp:heading -->\n<h2 class=\"wp-block-heading\">Comments<\/h2>\n<!-- \/wp:heading -->\n\n<!-- wp:paragraph -->\n<p><strong class=\"privacy-policy-tutorial\">Suggested text: <\/strong>When visitors leave comments on the site we collect the data shown in the comments form, and also the visitor\u2019s IP address and browser user agent string to help spam detection.<\/p>\n<!-- \/wp:paragraph -->\n\n<!-- wp:paragraph -->\n<p>An anonymized string created from your email address (also called a hash) may be provided to the Gravatar service to see if you are using it. The Gravatar service privacy policy is available here: https:\/\/automattic.com\/privacy\/. After approval of your comment, your profile picture is visible to the public in the context of your comment.<\/p>\n<!-- \/wp:paragraph -->\n\n<!-- wp:heading -->\n<h2 class=\"wp-block-heading\">Media<\/h2>\n<!-- \/wp:heading -->\n\n<!-- wp:paragraph -->\n<p><strong class=\"privacy-policy-tutorial\">Suggested text: <\/strong>If you upload images to the website, you should avoid uploading images with embedded location data (EXIF GPS) included. Visitors to the website can download and extract any location data from images on the website.<\/p>\n<!-- \/wp:paragraph -->\n\n<!-- wp:heading -->\n<h2 class=\"wp-block-heading\">Cookies<\/h2>\n<!-- \/wp:heading -->\n\n<!-- wp:paragraph -->\n<p><strong class=\"privacy-policy-tutorial\">Suggested text: <\/strong>If you leave a comment on our site you may opt-in to saving your name, email address and website in cookies. These are for your convenience so that you do not have to fill in your details again when you leave another comment. These cookies will last for one year.<\/p>\n<!-- \/wp:paragraph -->\n\n<!-- wp:paragraph -->\n<p>If you visit our login page, we will set a temporary cookie to determine if your browser accepts cookies. This cookie contains no personal data and is discarded when you close your browser.<\/p>\n<!-- \/wp:paragraph -->\n\n<!-- wp:paragraph -->\n<p>When you log in, we will also set up several cookies to save your login information and your screen display choices. Login cookies last for two days, and screen options cookies last for a year. If you select \"Remember Me\", your login will persist for two weeks. If you log out of your account, the login cookies will be removed.<\/p>\n<!-- \/wp:paragraph -->\n\n<!-- wp:paragraph -->\n<p>If you edit or publish an article, an additional cookie will be saved in your browser. This cookie includes no personal data and simply indicates the post ID of the article you just edited. It expires after 1 day.<\/p>\n<!-- \/wp:paragraph -->\n\n<!-- wp:heading -->\n<h2 class=\"wp-block-heading\">Embedded content from other websites<\/h2>\n<!-- \/wp:heading -->\n\n<!-- wp:paragraph -->\n<p><strong class=\"privacy-policy-tutorial\">Suggested text: <\/strong>Articles on this site may include embedded content (e.g. videos, images, articles, etc.). Embedded content from other websites behaves in the exact same way as if the visitor has visited the other website.<\/p>\n<!-- \/wp:paragraph -->\n\n<!-- wp:paragraph -->\n<p>These websites may collect data about you, use cookies, embed additional third-party tracking, and monitor your interaction with that embedded content, including tracking your interaction with the embedded content if you have an account and are logged in to that website.<\/p>\n<!-- \/wp:paragraph -->\n\n<!-- wp:heading -->\n<h2 class=\"wp-block-heading\">Who we share your data with<\/h2>\n<!-- \/wp:heading -->\n\n<!-- wp:paragraph -->\n<p><strong class=\"privacy-policy-tutorial\">Suggested text: <\/strong>If you request a password reset, your IP address will be included in the reset email.<\/p>\n<!-- \/wp:paragraph -->\n\n<!-- wp:heading -->\n<h2 class=\"wp-block-heading\">How long we retain your data<\/h2>\n<!-- \/wp:heading -->\n\n<!-- wp:paragraph -->\n<p><strong class=\"privacy-policy-tutorial\">Suggested text: <\/strong>If you leave a comment, the comment and its metadata are retained indefinitely. This is so we can recognize and approve any follow-up comments automatically instead of holding them in a moderation queue.<\/p>\n<!-- \/wp:paragraph -->\n\n<!-- wp:paragraph -->\n<p>For users that register on our website (if any), we also store the personal information they provide in their user profile. All users can see, edit, or delete their personal information at any time (except they cannot change their username). Website administrators can also see and edit that information.<\/p>\n<!-- \/wp:paragraph -->\n\n<!-- wp:heading -->\n<h2 class=\"wp-block-heading\">What rights you have over your data<\/h2>\n<!-- \/wp:heading -->\n\n<!-- wp:paragraph -->\n<p><strong class=\"privacy-policy-tutorial\">Suggested text: <\/strong>If you have an account on this site, or have left comments, you can request to receive an exported file of the personal data we hold about you, including any data you have provided to us. You can also request that we erase any personal data we hold about you. This does not include any data we are obliged to keep for administrative, legal, or security purposes.<\/p>\n<!-- \/wp:paragraph -->\n\n<!-- wp:heading -->\n<h2 class=\"wp-block-heading\">Where your data is sent<\/h2>\n<!-- \/wp:heading -->\n\n<!-- wp:paragraph -->\n<p><strong class=\"privacy-policy-tutorial\">Suggested text: <\/strong>Visitor comments may be checked through an automated spam detection service.<\/p>\n<!-- \/wp:paragraph -->","_et_gb_content_width":"","footnotes":""},"acf":[],"_links":{"self":[{"href":"https:\/\/zamow.cateringpiatek.pl\/index.php\/wp-json\/wp\/v2\/pages\/3"}],"collection":[{"href":"https:\/\/zamow.cateringpiatek.pl\/index.php\/wp-json\/wp\/v2\/pages"}],"about":[{"href":"https:\/\/zamow.cateringpiatek.pl\/index.php\/wp-json\/wp\/v2\/types\/page"}],"author":[{"embeddable":true,"href":"https:\/\/zamow.cateringpiatek.pl\/index.php\/wp-json\/wp\/v2\/users\/1"}],"replies":[{"embeddable":true,"href":"https:\/\/zamow.cateringpiatek.pl\/index.php\/wp-json\/wp\/v2\/comments?post=3"}],"version-history":[{"count":4,"href":"https:\/\/zamow.cateringpiatek.pl\/index.php\/wp-json\/wp\/v2\/pages\/3\/revisions"}],"predecessor-version":[{"id":239,"href":"https:\/\/zamow.cateringpiatek.pl\/index.php\/wp-json\/wp\/v2\/pages\/3\/revisions\/239"}],"wp:attachment":[{"href":"https:\/\/zamow.cateringpiatek.pl\/index.php\/wp-json\/wp\/v2\/media?parent=3"}],"curies":[{"name":"wp","href":"https:\/\/api.w.org\/{rel}","templated":true}]}}